 -7451701 (base 9) to base 2.
-1111001110001101110001
-1000110100000110100 (base 2) to base 9
-480161
-175562 (base 11) to base 8
-1021022
-721909 (base 14) to base 10
-3846117
Convert 3cba50 (base 14) to base 2.
1000000010010100110110
2222200222 (base 3) to base 2
1110010111010000
What is 5282474 (base 11) in base 4?
203132210212
What is -870183 (base 12) in base 7?
-24104361
Convert -125904 (base 12) to base 3.
-120020212011
Convert 340541425 (base 6) to base 15.
827e08
What is -b03c64 (base 13) in base 16?
-3e73fc
1512111 (base 10) to base 14
2b50bd
-b9a7b (base 14) to base 2
-1101101101100111101
-2112314 (base 6) to base 12
-4b69a
Convert -220200110 (base 4) to base 3.
-22102120202
What is -3529da (base 14) in base 10?
-1812996
-3063563 (base 7) to base 4
-1122000200
What is 5106431 (base 7) in base 14?
11b488
Convert -7b0ac4 (base 13) to base 9.
-5432648
What is 30112203023 (base 4) in base 9?
6074738
What is 86301 (base 9) in base 13?
1ccba
85a198 (base 11) to base 6
45250235
What is 2011013231 (base 4) in base 16?
851ed
-12c44c (base 16) to base 10
-1229900
-20527257 (base 8) to base 7
-52100542
What is 64a95 (base 11) in base 9?
153542
-5414433 (base 7) to base 6
-22045030
-1a71f5 (base 16) to base 12
-6b6b59
What is -7969b (base 16) in base 2?
-1111001011010011011
-57610 (base 8) to base 4
-11332020
-29c9b1b (base 13) to base 2
-110010111101101000011011
What is -2123606 (base 8) in base 12?
-234286
What is 30033323 (base 5) in base 4?
321302221
What is 11134230 (base 6) in base 7?
2611644
Convert -46b083 (base 12) to base 11.
-7086aa
Convert 575741 (base 10) to base 6.
20201245
What is -a8230 (base 12) in base 10?
-221508
1522528 (base 10) to base 7
15640600
What is -200103132 (base 4) in base 16?
-204de
What is -595333 (base 11) in base 13?
-270935
What is -33104302 (base 5) in base 9?
-473783
Convert -9a717 (base 11) to base 4.
-203220120
-20100100102 (base 3) to base 2
-11110011111110001
What is -27216203 (base 8) in base 4?
-113101302003
What is -134a87 (base 11) in base 13?
-75412
Convert -12010101212212 (base 3) to base 14.
-50cacc
Convert 56224 (base 9) to base 11.
26087
Convert -2332434112 (base 5) to base 3.
-101002020200210
1a2803 (base 14) to base 7
10616403
92a790 (base 11) to base 7
15455522
Convert -101200103 (base 4) to base 13.
-26834
What is -6b87e (base 15) in base 3?
-122102020002
-2625212 (base 7) to base 13
-c0026
What is -13643564 (base 7) in base 10?
-1288256
What is 50983 (base 10) in base 12?
25607
What is 3961c (base 15) in base 14?
4acc3
-ba9466 (base 12) to base 11
-1742482
What is 194c2 (base 15) in base 3?
11011121002
1236245 (base 7) to base 4
213032033
What is -873078 (base 10) in base 12?
-361306
What is -12102121112111 (base 3) in base 14?
-551949
Convert 13b8952 (base 12) to base 8.
17125116
13971ba (base 12) to base 4
32333311132
What is 3444223203 (base 5) in base 8?
35613603
Convert -1065722 (base 8) to base 9.
-481410
What is -2003010243 (base 5) in base 7?
-45415116
What is -5c9b7 (base 16) in base 9?
-637285
What is -a438d4 (base 14) in base 12?
-1a33142
What is -f11 (base 16) in base 2?
-111100010001
What is -136616 (base 8) in base 6?
-1012354
-150330 (base 11) to base 6
-5010204
Convert 8447201 (base 10) to base 3.
120220011101022
d302d (base 14) to base 5
112221211
Convert -5a3cb3 (base 16) to base 14.
-add24b
Convert 4a54a (base 12) to base 3.
12010112211
-10116246 (base 7) to base 14
-17dccd
Convert 260193a (base 11) to base 15.
5e1ccb
Convert -1508028 (base 9) to base 10.
-832544
Convert 431526 (base 12) to base 6.
34415250
Convert -129557b (base 12) to base 10.
-3679727
Convert -66542 (base 7) to base 16.
-4163
-10000111101111000111000 (base 2) to base 8
-20757070
What is -114a06 (base 14) in base 7?
-5002506
What is 694aa7 (base 12) in base 6?
100103131
What is 10155434 (base 6) in base 5?
33423223
Convert 16e08 (base 15) to base 11.
50693
Convert -1051553315 (base 6) to base 9.
-23684242
Convert -11021102001 (base 4) to base 3.
-2112112010020
Convert -100021123301 (base 4) to base 5.
-2040423240
2c7112 (base 13) to base 14
2092a5
64cfe7 (base 16) to base 6
353335051
What is a13a5a (base 11) in base 3?
10001211111220
Convert -a1520 (base 11) to base 9.
-245463
-111001101011000110101 (base 2) to base 10
-1889845
370049 (base 11) to base 16
8efdd
Convert -10b6d9 (base 14) to base 5.
-121210000
Convert -22554432 (base 7) to base 10.
-1980015
What is -232250101 (base 7) in base 3?
-222212120010021
Convert 197757 (base 13) to base 2.
10011101011101110000
Convert -123b11a (base 12) to base 3.
-20201010022011
Convert -513416 (base 8) to base 12.
-82292
Convert -4062359 (base 12) to base 11.
-68a6117
Convert -1232123 (base 6) to base 3.
-10101022220
What is -2736518 (base 12) in base 6?
-434523232
24b104 (base 13) to base 10
881170
Convert -5251250 (base 6) to base 16.
-3e68e
-101101100010011100111010 (base 2) to base 5
-11024000334
What is -1000010100100110000000 (base 2) in base 8?
-10244600
What is -2111101000101 (base 3) in base 11?
-826320
Convert -15231222 (base 6) to base 3.
-1000002002012
What is -120431214 (base 5) in base 13?
-168713
-125405 (base 11) to base 13
-6bb67
Convert 2121120020111 (base 3) to base 13.
398260
What is 137722 (base 8) in base 13?
19475
What is -303242403 (base 5) in base 4?
-10223301031
What is 2f1c7e (base 16) in base 3?
12210212020100
Convert -1528c9 (base 15) to base 7.
-11452242
What is 555700 (base 8) in base 13?
6735b
133244 (base 10) to base 8
404174
-10100000001101111 (base 2) to base 15
-1948b
1a36 (base 11) to base 7
10344
211022202102 (base 3) to base 2
1101011010001110001
-1011101110010010010 (base 2) to base 11
-242684
Convert 11033322 (base 5) to base 4.
113131113
-666196 (base 10) to base 8
-2425124
648524 (base 9) to base 12
167a11
What is -516131 (base 7) in base 15?
-1b395
What is -788ba (base 15) in base 12?
-165a1a
-c3463 (base 16) to base 8
-3032143
What is 4341116 (base 7) in base 14?
db746
Convert -10523 (base 13) to base 9.
-44335
-234302032 (base 5) to base 10
-1087767
-452794 (base 10) to base 3
-212000010011
Convert -5eba (base 15) to base 4.
-10323220
Convert -1021101001112 (base 3) to base 10.
-676553
Convert -176bc2 (base 15) to base 12.
-469955
Convert a7960a (base 12) to base 5.
1134244043
What is -271732 (base 8) in base 12?
-4710a
What is 490bc6 (base 16) in base 6?
250334410
What is 2334410000 (base 5) in base 3?
101010202010012
What is 1263616 (base 7) in base 16?
28c5d
What is -11001001000011001110 (base 2) in base 5?
-202323002
142433234 (base 5) to base 10
749194
What is -3312012013 (base 4) in base 12?
-407407
What is -14236170 (base 8) in base 13?
-88c921
16a8a1 (base 11) to base 4
1000101312
-1124023 (base 5) to base 16
-5021
Convert 4b0383 (base 12) to base 15.
1929c0
-8e64b (base 15) to base 12
-19a65b
63040 (base 9) to base 12
20099
-642230 (base 10) to base 13
-196424
-41511640 (base 7) to base 2
-1101010110001110101010
Convert -101120111002022 (base 3) to base 2.
-10101011011110111111010
Convert -1010101111001011010 (base 2) to base 6.
-11312510
-6002081 (base 9) to base 6
-152213201
-1470746 (base 8) to base 6
-13015234
What is 24513314 (base 6) in base 16?
c03ee
1690475 (base 13) to base 8
33712004
-1a9908a (base 11) to base 16
-35cd1d
-94a27 (base 13) to base 10
-267560
-10d5a1 (base 14) to base 5
-121341432
What is -2b991 (base 13) in base 7?
-463526
Convert -50a736 (base 13) to base 6.
-104142051
a3225 (base 11) to base 14
3cca4
4202144 (base 7) to base 11
315440
-13101302130 (base 4) to base 8
-7216234
What is -725720 (base 8) in base 2?
-111010101111010000
What is -386067 (base 9) in base 8?
-711126
-5705368 (base 11) to base 8
-46074076
What is -5507a3 (base 12) in base 16?
-14956b
What is -15bca5 (base 13) in base 3?
-1000110022212
-1333330 (base 4) to base 9
-12207
Convert -4398a (base 12) to base 6.
-1530254
What is 1013101220 (base 4) in base 3?
112211110202
1011011101011001101 (base 2) to base 12
161379
-244531 (base 9) to base 5
-14211231
443403024 (base 5) to base 16
1d85ac
What is -2a7aa89 (base 12) in base 14?
-1206d4d
What is -2894622 (base 10) in base 9?
-5401606
What is -32373 (base 11) in base 10?
-47028
131223311 (base 4) to base 11
83396
4a18dd (base 14) to base 13
6ac14a
What is -8988e